?
0
What is the hundreds digit of 549?
5
What is the hundreds digit of 606?
6
What is the ten thousands digit of 24093?
2
What is the hundreds digit of 2706?
7
What is the thousands digit of 20360?
0
What is the thousands digit of 18369?
8
What is the ten thousands digit of 18112?
1
What is the hundreds digit of 381?
3
What is the thousands digit of 1504?
1
What is the hundreds digit of 14958?
9
What is the units digit of 20?
0
What is the tens digit of 73679?
7
What is the tens digit of 6764?
6
What is the tens digit of 1268?
6
What is the tens digit of 28749?
4
What is the ten thousands digit of 28896?
2
What is the thousands digit of 21939?
1
What is the hundreds digit of 2354?
3
What is the units digit of 517?
7
What is the ten thousands digit of 26301?
2
What is the hundreds digit of 4694?
6
What is the hundreds digit of 413?
4
What is the hundreds digit of 6238?
2
What is the units digit of 1847?
7
What is the units digit of 1532?
2
What is the hundreds digit of 1156?
1
What is the thousands digit of 1041?
1
What is the ten thousands digit of 22657?
2
What is the tens digit of 7078?
7
What is the tens digit of 80106?
0
What is the tens digit of 63?
6
What is the units digit of 131?
1
What is the hundreds digit of 40829?
8
What is the hundreds digit of 3010?
0
What is the ten thousands digit of 28744?
2
What is the hundreds digit of 4688?
6
What is the tens digit of 16250?
5
What is the units digit of 28775?
5
What is the hundreds digit of 884?
8
What is the thousands digit of 5601?
5
What is the tens digit of 4400?
0
What is the hundreds digit of 3280?
2
What is the units digit of 174106?
6
What is the ten thousands digit of 13035?
1
What is the units digit of 16601?
1
What is the tens digit of 256?
5
What is the tens digit of 1132?
3
What is the tens digit of 7228?
2
What is the units digit of 1652?
2
What is the ten thousands digit of 17761?
1
What is the tens digit of 149?
4
What is the thousands digit of 20597?
0
What is the hundreds digit of 657?
6
What is the hundred thousands digit of 165452?
1
What is the hundreds digit of 10198?
1
What is the units digit of 29?
9
What is the hundreds digit of 2866?
8
What is the hundreds digit of 4373?
3
What is the units digit of 3620?
0
What is the tens digit of 488?
8
What is the units digit of 3392?
2
What is the ten thousands digit of 15362?
1
What is the units digit of 3740?
0
What is the tens digit of 3546?
4
What is the hundreds digit of 18489?
4
What is the units digit of 417?
7
What is the thousands digit of 3250?
3
What is the ten thousands digit of 29782?
2
What is the ten thousands digit of 70783?
7
What is the hundreds digit of 9430?
4
What is the ten thousands digit of 13509?
1
What is the units digit of 24521?
1
What is the tens digit of 82469?
6
What is the hundreds digit of 1888?
8
What is the hundreds digit of 286?
2
What is the tens digit of 10618?
1
What is the hundred thousands digit of 101748?
1
What is the ten thousands digit of 19511?
1
What is the tens digit of 1647?
4
What is the hundreds digit of 15995?
9
What is the thousands digit of 3240?
3
What is the tens digit of 341?
4
What is the hundreds digit of 4008?
0
What is the tens digit of 3382?
8
What is the units digit of 31711?
1
What is the thousands digit of 2417?
2
What is the tens digit of 5234?
3
What is the thousands digit of 5202?
5
What is the tens digit of 61512?
1
What is the units digit of 3767?
7
What is the thousands digit of 1884?
1
What is the units digit of 9575?
5
What is the units digit of 59525?
5
What is the ten thousands digit of 29223?
2
What is the hundreds digit of 95684?
6
What is the thousands digit of 30149?
0
What is the hundreds digit of 3654?
6
What is the ten thousands digit of 30716?
3
What is the thousands digit of 73986?
3
What is the thousands digit of 12473?
2
What is the tens digit of 32183?
8
What is the ten thousands digit of 26238?
2
What is the ten thousands digit of 111947?
1
What is the tens digit of 577?
7
What is the hundreds digit of 12920?
9
What is the hundreds digit of 3094?
0
What is the thousands digit of 29328?
9
What is the hundreds digit of 6628?
6
What is the tens digit of 6912?
1
What is the units digit of 1312?
2
What is the tens digit of 1385?
8
What is the hundreds digit of 3796?
7
What is the hundreds digit of 388?
3
What is the units digit of 2693?
3
What is the units digit of 6161?
1
What is the hundreds digit of 2829?
8
What is the hundreds digit of 664?
6
What is the tens digit of 2921?
2
What is the units digit of 17831?
1
What is the units digit of 3067?
7
What is the units digit of 359?
9
What is the units digit of 2714?
4
What is the ten thousands digit of 16098?
1
What is the hundreds digit of 49655?
6
What is the units digit of 46390?
0
What is the units digit of 1059?
9
What is the tens digit of 22266?
6
What is the tens digit of 1233?
3
What is the units digit of 1413?
3
What is the hundreds digit of 172145?
1
What is the tens digit of 8604?
0
What is the units digit of 1823?
3
What is the units digit of 4303?
3
What is the thousands digit of 20611?
0
What is the tens digit of 2997?
9
What is the units digit of 448?
8
What is the units digit of 88838?
8
What is the units digit of 96849?
9
What is the hundreds digit of 82511?
5
What is the hundreds digit of 2277?
2
What is the tens digit of 26413?
1
What is the tens digit of 1049?
4
What is the tens digit of 10197?
9
What is the ten thousands digit of 68032?
6
What is the hundreds digit of 1080?
0
What is the tens digit of 83573?
7
What is the tens digit of 24926?
2
What is the thousands digit of 155050?
5
What is the hundreds digit of 24042?
0
What is the tens digit of 1311?
1
What is the ten thousands digit of 17925?
1
What is the thousands digit of 6039?
6
What is the tens digit of 22197?
9
What is the units digit of 215?
5
What is the units digit of 53712?
2
What is the units digit of 9162?
2
What is the tens digit of 32765?
6
What is the tens digit of 6482?
8
What is the tens digit of 704?
0
What is the tens digit of 3224?
2
What is the hundreds digit of 4776?
7
What is the units digit of 4088?
8
What is the units digit of 1823?
3
What is the tens digit of 14622?
2
What is the units digit of 7619?
9
What is the hundreds digit of 11078?
0
What is the hundreds digit of 179?
1
What is the tens digit of 3333?
3
What is the hundreds digit of 5444?
4
What is the tens digit of 187?
8
What is the thousands digit of 17545?
7
What is the thousands digit of 41200?
1
What is the units digit of 68288?
8
What is the tens digit of 59945?
4
What is the ten thousands digit of 12448?
1
What is the tens digit of 1197?
9
What is the thousands digit of 53352?
3
What is the hundreds digit of 2086?
0
What is the units digit of 33080?
0
What is the units digit of 3738?
8
What is the tens digit of 335?
3
What is the ten thousands digit of 140583?
4
What is the tens digit of 10196?
9
What is the tens digit of 1464?
6
What is the ten thousands digit of 82615?
8
What is the hundreds digit of 794?
7
What is the thousands digit of 43137?
3
What is the tens digit of 248?
4
What is the thousands digit of 2158?
2
What is the hundreds digit of 591?
5
What is the units digit of 131989?
9
What is the tens digit of 539?
3
What is the hundreds digit of 55831?
8
What is the units digit of 912?
2
What is the tens digit of 1139?
3
What is the thousands digit of 45646?
5
What is the units digit of 1098?
8
What is the hundreds digit of 539?
5
What is the units digit of 57572?
2
What is the hundreds digit of 859?
8
What is the tens digit of 388?
8
What is the hundreds digit of 44837?
8
What is the tens digit of 41895?
9
What is the thousands digit of 4869?
4
What is the tens digit of 24433?
3
What is the tens digit of 7594?
9
What is the hundreds digit of 7527?
5
What is the tens digit of 19585?
8
What is the tens digit of 8661?
6
What is the hundreds digit of 33082?
0
What is the units digit of 1146?
6
What is the units digit of 14001?
1
What is the thousands digit of 3984?
3
What is the tens digit of 582?
8
What is the units digit of 5181?
1
What is the ten thousands digit of 12953?
1
What is the thousands digit of 1096?
1
What is the tens digit of 15575?
7
What is the hundred thousands digit of 101170?
1
What is the tens digit